{"id":1123,"date":"2025-12-12T20:47:59","date_gmt":"2025-12-13T01:47:59","guid":{"rendered":"https:\/\/www.laicosdesantamariasoledad.com\/?page_id=1123"},"modified":"2025-12-16T22:22:57","modified_gmt":"2025-12-17T03:22:57","slug":"hlsms","status":"publish","type":"page","link":"https:\/\/www.laicosdesantamariasoledad.com\/?page_id=1123","title":{"rendered":"HLSMS"},"content":{"rendered":"\n<div class=\"wp-block-uagb-container uagb-block-d34d39d0 alignfull uagb-is-root-container\"><div class=\"uagb-container-inner-blocks-wrap\">\n<figure class=\"wp-block-image aligncenter size-large\"><img loading=\"lazy\" decoding=\"async\" width=\"1024\" height=\"342\" src=\"https:\/\/www.laicosdesantamariasoledad.com\/wp-content\/uploads\/2025\/12\/img1-1024x342.png\" alt=\"\" class=\"wp-image-880\" srcset=\"https:\/\/www.laicosdesantamariasoledad.com\/wp-content\/uploads\/2025\/12\/img1-1024x342.png 1024w, https:\/\/www.laicosdesantamariasoledad.com\/wp-content\/uploads\/2025\/12\/img1-300x100.png 300w, https:\/\/www.laicosdesantamariasoledad.com\/wp-content\/uploads\/2025\/12\/img1-768x256.png 768w, https:\/\/www.laicosdesantamariasoledad.com\/wp-content\/uploads\/2025\/12\/img1-750x250.png 750w, https:\/\/www.laicosdesantamariasoledad.com\/wp-content\/uploads\/2025\/12\/img1.png 1201w\" sizes=\"auto, (max-width: 1024px) 100vw, 1024px\" \/><\/figure>\n<\/div><\/div>\n\n\n\n<div class=\"wp-block-uagb-container uagb-block-a15b81dd alignfull uagb-is-root-container\"><div class=\"uagb-container-inner-blocks-wrap\">\n<p class=\"has-text-align-left\">Los <strong>HLSMS<\/strong>, son el resultado de un llamado del Esp\u00edritu Santo a Laicos Cat\u00f3licos practicantes, a la Congregaci\u00f3n Siervas de Mar\u00eda Ministras de los Enfermos y a la humanidad sufriente. Las HLSMS participan del carisma de las Siervas de Mar\u00eda y se comparte la misi\u00f3n y la espiritualidad con hijos espirituales del Instituto.<\/p>\n<\/div><\/div>\n\n\n\n<div class=\"wp-block-uagb-container uagb-block-80368383 alignfull uagb-is-root-container\"><div class=\"uagb-container-inner-blocks-wrap\">\n<h2 class=\"wp-block-heading has-text-align-center\"><span style=\"color: #545ced;\" class=\"stk-highlight\">JUNTA DIRECTIVA 2024 &#8211; 2026<\/span><\/h2>\n\n\n\n<div class=\"wp-block-uagb-container uagb-block-ca38127e\">\n<ul class=\"wp-block-list\">\n<li><strong>DIRECTORA:<\/strong> Madre Superiora Sor Teresa<\/li>\n\n\n\n<li><strong>PRESIDENTE:<\/strong> Nubia G\u00fcisa<\/li>\n\n\n\n<li><strong>VICEPRESIDENTE:<\/strong> Jos\u00e9 Quintero<\/li>\n\n\n\n<li><strong>TESORERA:<\/strong> Carmen Roc\u00edo Moreno<\/li>\n\n\n\n<li><strong>SECRETARIA:<\/strong> Carmen Cecilia Roa<\/li>\n<\/ul>\n<\/div>\n<\/div><\/div>\n\n\n\n<div class=\"wp-block-uagb-container uagb-block-8557768a alignfull uagb-is-root-container\"><div class=\"uagb-container-inner-blocks-wrap\">\n<h2 class=\"wp-block-heading has-text-align-center\"><span style=\"color: #545ced;\" class=\"stk-highlight\">QUIENES SON HLSMS?<\/span><\/h2>\n\n\n\n<div class=\"wp-block-uagb-container uagb-block-e8b2c11f\">\n<p>La fraternidad surge del deseo de vivir el Evangelio e implantar el Reino de Dios en el mundo del dolor, prolongado en el tiempo las actitudes de Jes\u00fas, el buen Samaritano que pas\u00f3 haciendo el bien y curando toda dolencia.<\/p>\n<\/div>\n<\/div><\/div>\n\n\n\n<div class=\"wp-block-uagb-container uagb-block-2662c74d alignfull uagb-is-root-container\"><div class=\"uagb-container-inner-blocks-wrap\">\n<h2 class=\"wp-block-heading has-text-align-center\"><span style=\"color: #545ced;\" class=\"stk-highlight\">HISTORIA<\/span><\/h2>\n\n\n\n<div class=\"wp-block-uagb-container uagb-block-cb68c057\">\n<p>En mayo del 2011, con la invitaci\u00f3n de Sor Margarita P\u00e9rez Cuartas, quien hizo un llamado a conformar un grupo laical que desee participar de la espiritualidad y carisma propios de las Siervas de Mar\u00eda \u2013 Ministras de los Enfermos; obtuvo una respuesta positiva de ocho (8) laicas: Rosalba D\u00edas, Elva G\u00fciza, Gloria Osorio, Blanca Liliana Bernal, Hilda Guiza, Aydee Mart\u00ednez, Luz Mariela Hern\u00e1ndez, Sara Eugenia Rueda. Con los cuales inici\u00f3 una adecuada formaci\u00f3n en el conocimiento, esp\u00edritu y carisma de nuestra Santa Madre Soledad Torres Acosta. Preparaci\u00f3n espiritual de un (1) a\u00f1o.<br>En forma paralela a la formaci\u00f3n permanente, el grupo comenz\u00f3 a participar en las fiestas lit\u00fargicas de la Congregaci\u00f3n, realizando reuniones semanales, retiros espirituales, se involucraron en el apostolado de servicio a los enfermos y ofreciendo unas horas de su tiempo seg\u00fan las posibilidades de cada una, se trabaj\u00f3 en la ayuda a necesitados: hogares geri\u00e1tricos, familias vulnerables, privados de la libertad.<\/p>\n<\/div>\n<\/div><\/div>\n\n\n\n<div class=\"wp-block-uagb-container uagb-block-a19e243b alignfull uagb-is-root-container\"><div class=\"uagb-container-inner-blocks-wrap\">\n<h2 class=\"wp-block-heading has-text-align-center\"><span style=\"color: #545ced;\" class=\"stk-highlight\">TRAYECTORIA<\/span><\/h2>\n\n\n\n<div class=\"wp-block-uagb-container uagb-block-465abba4\">\n<p>Con la anterior trayectoria, Sor Margarita P\u00e9rez Cuartas fue asignada Primera Coordinadora de las HLSMS-Bucaramanga y el 15 de agosto de 2012 realizaron la Consagraci\u00f3n trece(13) laicas como Hijas Laicas de Santa Mar\u00eda Soledad siguiendo los postulados de Madre Soledad ejecutando el ministerio de la caridad sirviendo a personas enfermas y necesitadas en nombre de la iglesia y bajo el carisma de Siervas de Mar\u00eda \u2013 Ministras de los enfermos.                                                                                                                                                                               <strong><span style=\"color: #545ced;\" class=\"stk-highlight\">Las primeras Laicas consagradas:<\/span><\/strong> <strong>R<\/strong>osa Forero, <strong>B<\/strong>etty Zoraida Jerez, <strong>E<\/strong>lva Guiza, <strong>H<\/strong>ilda Guiza, <strong>M<\/strong>ariela Hern\u00e1ndez, <strong>A<\/strong>na Lucia Quiroz, <strong>D<\/strong>ory Yamile Guerra, <strong>R<\/strong>osalba D\u00edaz, <strong>B<\/strong>ernarda Rodr\u00edguez, <strong>C<\/strong>armen Cecilia Roa, <strong>A<\/strong>ydee Mart\u00ednez, <strong>S<\/strong>ara Eugenia Rueda, <strong>M<\/strong>ar\u00eda Teresa Ortiz.<\/p>\n<\/div>\n<\/div><\/div>\n\n\n\n<div class=\"wp-block-uagb-container uagb-block-94c9873c alignfull uagb-is-root-container\"><div class=\"uagb-container-inner-blocks-wrap\">\n<h4 class=\"wp-block-heading has-text-align-center\"><span style=\"color: #d11818;\" class=\"stk-highlight\">QUIERES PERTENECER A LA HLSMS, O VISITA PARA LA COMUNI\u00d3N O UN ENFERMO<\/span> <\/h4>\n\n\n\n<div class=\"wp-block-uagb-container uagb-block-69149d9b\">\n<div class=\"wp-block-uagb-buttons uagb-buttons__outer-wrap uagb-btn__default-btn uagb-btn-tablet__default-btn uagb-btn-mobile__default-btn uagb-block-2e9f0b99\"><div class=\"uagb-buttons__wrap uagb-buttons-layout-wrap \">\n<div class=\"wp-block-uagb-buttons-child uagb-buttons__outer-wrap uagb-block-5173fe28 wp-block-button\"><div class=\"uagb-button__wrapper\"><a class=\"uagb-buttons-repeater wp-block-button__link\" aria-label=\"\" href=\"#\" rel=\"follow noopener\" target=\"_blank\" role=\"button\"><div class=\"uagb-button__link\">Click Aqu\u00ed para pertenecer HLSMS<\/div><\/a><\/div><\/div>\n\n\n\n<div class=\"wp-block-uagb-buttons-child uagb-buttons__outer-wrap uagb-block-c1fe4cd3 wp-block-button\"><div class=\"uagb-button__wrapper\"><a class=\"uagb-buttons-repeater wp-block-button__link\" aria-label=\"\" href=\"#\" rel=\"follow noopener\" target=\"_blank\" role=\"button\"><div class=\"uagb-button__link\">Click Aqu\u00ed visita enfermo<\/div><\/a><\/div><\/div>\n<\/div><\/div>\n<\/div>\n<\/div><\/div>\n\n\n\n<div class=\"wp-block-uagb-container uagb-block-89ff3c17 alignfull uagb-is-root-container\"><div class=\"uagb-container-inner-blocks-wrap\">\n<p>Ya con las consagradas y aspirantes, cada d\u00eda se fortalec\u00eda la labor, el compromiso de servir a enfermos y necesitados y buscando el crecimiento espiritual del grupo:<\/p>\n\n\n\n<div class=\"wp-block-uagb-container uagb-block-19bb3c6f\">\n<ul class=\"wp-block-list\">\n<li>Visitas y acompa\u00f1amiento a enfermos y familiares (martes y mi\u00e9rcoles).<\/li>\n\n\n\n<li>Ayuda a necesitados y acompa\u00f1amiento en centros de rehabilitaci\u00f3n, casas geri\u00e1tricas, hogares de paso e infantiles.<\/li>\n\n\n\n<li>Ayuda a comunidades vulnerables a trav\u00e9s de las parroquias, con elementos de canasta familiar (mercados).<\/li>\n\n\n\n<li>Retiros espirituales y charlas para el grupo.<\/li>\n\n\n\n<li>Conocimiento de los estatutos generales de HLSMS.<\/li>\n\n\n\n<li>Estudio de la Biblia.<\/li>\n\n\n\n<li>Conocimiento de la Espiritualidad de las Siervas de Mar\u00eda.<\/li>\n\n\n\n<li>Fortalecimiento de la oraci\u00f3n personal y comunitaria.<\/li>\n\n\n\n<li>Llevar el d\u00eda Viernes la Sagrada Comuni\u00f3n a los enfermos.<\/li>\n\n\n\n<li>Realizaci\u00f3n y direcci\u00f3n de la Hora Santa los primeros viernes de cada mes.<\/li>\n\n\n\n<li>Participaci\u00f3n activa en las celebraciones del Instituto Siervas de Mar\u00eda.<\/li>\n\n\n\n<li>Conocimiento y crecimiento espiritual a trav\u00e9s de peregrinaciones a los diferentes santuarios.<\/li>\n<\/ul>\n<\/div>\n<\/div><\/div>\n\n\n\n<p><\/p>\n","protected":false},"excerpt":{"rendered":"<p>Los HLSMS, son el resultado de un llamado del Esp\u00edritu Santo a Laicos Cat\u00f3licos practicantes, a la Congregaci\u00f3n Siervas de Mar\u00eda Ministras de los Enfermos y a la humanidad sufriente. Las HLSMS participan del carisma de las Siervas de Mar\u00eda y se comparte la misi\u00f3n y la espiritualidad con hijos espirituales del Instituto. JUNTA DIRECTIVA [&hellip;]<\/p>\n","protected":false},"author":1,"featured_media":0,"parent":0,"menu_order":0,"comment_status":"closed","ping_status":"closed","template":"","meta":{"_uag_custom_page_level_css":"","footnotes":""},"class_list":["post-1123","page","type-page","status-publish","hentry"],"blocksy_meta":[],"uagb_featured_image_src":{"full":false,"thumbnail":false,"medium":false,"medium_large":false,"large":false,"1536x1536":false,"2048x2048":false,"wpzoom-rcb-block-header":false,"wpzoom-rcb-block-header-square":false,"wpzoom-rcb-block-step-image":false,"wpzoom-rcb-structured-data-1_1":false,"wpzoom-rcb-structured-data-4_3":false,"wpzoom-rcb-structured-data-16_9":false},"uagb_author_info":{"display_name":false,"author_link":"https:\/\/www.laicosdesantamariasoledad.com\/?author=1"},"uagb_comment_info":0,"uagb_excerpt":"Los HLSMS, son el resultado de un llamado del Esp\u00edritu Santo a Laicos Cat\u00f3licos practicantes, a la Congregaci\u00f3n Siervas de Mar\u00eda Ministras de los Enfermos y a la humanidad sufriente. Las HLSMS participan del carisma de las Siervas de Mar\u00eda y se comparte la misi\u00f3n y la espiritualidad con hijos espirituales del Instituto. JUNTA DIRECTIVA&hellip;","_links":{"self":[{"href":"https:\/\/www.laicosdesantamariasoledad.com\/index.php?rest_route=\/wp\/v2\/pages\/1123","targetHints":{"allow":["GET"]}}],"collection":[{"href":"https:\/\/www.laicosdesantamariasoledad.com\/index.php?rest_route=\/wp\/v2\/pages"}],"about":[{"href":"https:\/\/www.laicosdesantamariasoledad.com\/index.php?rest_route=\/wp\/v2\/types\/page"}],"author":[{"embeddable":true,"href":"https:\/\/www.laicosdesantamariasoledad.com\/index.php?rest_route=\/wp\/v2\/users\/1"}],"replies":[{"embeddable":true,"href":"https:\/\/www.laicosdesantamariasoledad.com\/index.php?rest_route=%2Fwp%2Fv2%2Fcomments&post=1123"}],"version-history":[{"count":18,"href":"https:\/\/www.laicosdesantamariasoledad.com\/index.php?rest_route=\/wp\/v2\/pages\/1123\/revisions"}],"predecessor-version":[{"id":1440,"href":"https:\/\/www.laicosdesantamariasoledad.com\/index.php?rest_route=\/wp\/v2\/pages\/1123\/revisions\/1440"}],"wp:attachment":[{"href":"https:\/\/www.laicosdesantamariasoledad.com\/index.php?rest_route=%2Fwp%2Fv2%2Fmedia&parent=1123"}],"curies":[{"name":"wp","href":"https:\/\/api.w.org\/{rel}","templated":true}]}}